2*i + 112. What is the hundreds digit of 12462/i - (-3)/10?
2
Let p(m) = m**3 - 6*m**2 - 3*m - 16. Let f be p(7). Let n be ((-6)/f)/(2/4). What is the tens digit of 88/1 - (n + 4)?
8
Suppose 34 - 24 = 5*f. Suppose -5 = t + f*y, -4*y + 14 = -2*t + 4. What is the tens digit of t + 1 - (-172 + -10)?
7
Suppose -t + 3*t + 248 = 4*a, 0 = 4*a + 2*t - 256. Let z be 2/9 + 4711/a. Suppose -165 = -3*r + z. What is the tens digit of r?
8
What is the hundreds digit of ((-100)/(-15))/((-405)/(-121014))?
9
Let l = 45217 - 2362. What is the tens digit of l?
5
Suppose -463*a - 108*a + 40*a = -3243348. What is the tens digit of a?
0
Suppose 3 = -3*w - 4*m + 15, 3*w = -5*m + 15. Suppose -13*a - 7*a + 5140 = w. What is the hundreds digit of a?
2
Suppose -6*z + 61551 = -x, -28*z - 4*x + 41020 = -24*z. What is the thousands digit of z?
0
Suppose -3*c - 9 = -o, -3 = 3*o - 2*c - 9. Let f(u) = -u**2 - 3*u + 2. Let b be f(o). Suppose 100 + 28 = b*w. What is the tens digit of w?
6
Suppose -15 = -3*u, 12*k = 13*k + 5*u - 39771. What is the thousands digit of k?
9
Let c(i) = -i**3 - 18*i**2 + 38*i - 36. Let g be c(-20). Suppose -1078 = -3*m - u, m + 3*u - 362 = g*u. What is the hundreds digit of m?
3
Suppose -x - 2*p = -29070 - 26266, -3*x - p = -165993. What is the hundreds digit of x?
3
Let k = -23220 + 45925. What is the tens digit of k?
0
Let t be ((-6)/7)/(30/(-420)). Suppose 2749 + 1007 = t*z. What is the units digit of z?
3
Let s be (4/8)/((2/(-1))/(-3592)). What is the units digit of s*(1 - 6)/(-10)?
9
Suppose -20*q + 12060 = -17*q. What is the hundreds digit of q?
0
Suppose 5*i = y - 134, i + 223 = -2*y + 4*y. Suppose 0 = 107*h - y*h + 398. What is the units digit of h?
9
Let j(k) = 2*k + 16. Let c be j(-8). Suppose c = -3*o - 4092 - 2382. What is the units digit of o/(-39) + 1/((-6)/(-4))?
6
Let d = -11486 - -29390. What is the thousands digit of d?
7
Suppose 113 = 3*w - 4*w - 5*t, -3*t + 226 = -2*w. Suppose 5*k + 3*l + 1110 = l, -444 = 2*k - 5*l. Let v = w - k. What is the hundreds digit of v?
1
Let v(r) = 514*r + 242. What is the units digit of v(6)?
6
Suppose 0 = -4*p - 3*t + 27, 3*p + 3*t - 3 = 7*p. Let f be (-12)/(-2) + -1 + p. Suppose -f*w + 7*w = -121. What is the hundreds digit of w?
1
Let m(z) = 2*z**2 + 2*z - 30. Let q be m(-4). What is the hundreds digit of (-12805)/(-39) - (q/9 + 0)?
3
Suppose 3*d = 4*g - 12, 0 = d + 3*d + 2*g - 6. Suppose 0 = -5*h - 20, z - 3*z + 5*h - 82 = 0. What is the tens digit of z*(-6)/9 - d?
3
Let t(i) be the first derivative of -i**4/4 - 10*i**3/3 + 9*i**2/2 - 7*i - 17. Let f be t(-11). What is the units digit of 8/(-20) - ((-2451)/f - -1)?
2
Let f(j) = 1130*j**2 + 53*j + 143. What is the tens digit of f(-7)?
4
What is the ten thousands digit of ((-993300)/90 + -32)*3/(-2)?
1
Let b = -13 - -7. Let l be b/18 + (-30)/(-9). Suppose 2*q - 122 = -3*j - 37, q = l*j + 38. What is the tens digit of q?
4
Suppose 0 = -9*x - 2*x + 18084. Let d = x + -118. Suppose -5*i = 231 - d. What is the tens digit of i?
5
Let p(i) = 31*i + 3. Let k(g) = -2*g - 8. Suppose 7*v = 10*v + 15. Let j be k(v). What is the tens digit of p(j)?
6
Suppose -9*i = o - 7*i + 17, i = -4*o - 47. Let j(x) = -31*x - 90. What is the tens digit of j(o)?
5
Let y = 115 + -336. Let p = y + 622. Suppose -3*x + p = -h, 0 = -4*x - h - 3*h + 556. What is the hundreds digit of x?
1
Let a(s) = 141*s**2 - 180*s + 842. What is the tens digit of a(5)?
6
Suppose -3*d - 44 = -3*h - 14, -4*h - 3*d + 19 = 0. Suppose 0*w = -h*w + 658. What is the tens digit of w?
9
Let s be (36/15)/((-14)/(-35)). Let n(f) = 5 + 1 - f + s - 9*f. What is the units digit of n(-10)?
2
Let t = 663 - 433. Let j(o) = 2*o**3 + 2*o - 1. Let l be j(4). Let p = t - l. What is the tens digit of p?
9
Let j = 12 - -2. Suppose 0 = j*h - 4788 + 1834. What is the units digit of h?
1
Let j = 63297 + 19104. What is the ten thousands digit of j?
8
Let i(r) = -2*r**2 + 10*r + 11. Let l be i(5). Suppose 0 = -2*h + 3*z - 7, -z + l = 2*h - 2. Suppose h*k - 238 = 66. What is the units digit of k?
6
Suppose -5*l = 0, 9*d - 8*d = -5*l - 20. What is the tens digit of 32/(-40) + (-1736)/d?
8
Suppose -9932 = 48*o - 468236. What is the hundreds digit of o?
5
Let s(m) = 31*m - 230 - 210 + 427. What is the tens digit of s(3)?
8
Let a(x) be the second derivative of 23*x**3/2 - 3*x**2 + 253*x + 2. Let o be (-48)/(-21) - (-4)/(-14). What is the hundreds digit of a(o)?
1
Suppose -30 = -4*f + 5*i, -2*f = -3*i - 2*i - 20. Suppose f*d - 2*j = -144 + 1801, 659 = 2*d + 3*j. What is the units digit of d?
1
Let b(w) = -284*w + 1. Let v(r) = 570*r - 2. Let a(q) = 5*b(q) + 3*v(q). What is the tens digit of a(1)?
8
Let t be -1 + 47 + 14/21*-3. Let i = t - 46. What is the units digit of i/(-4) + (-385)/(-14) - 3?
5
Let g(t) = -5*t + 41. Let w be g(8). Let r(d) = 349*d**3 + 5*d - 3. What is the tens digit of r(w)?
5
Let g be -1 - 2*(4 - 6). Suppose 2*y - 14 = -2*n, -n = -g*y - 26 - 1. What is the tens digit of n?
1
Suppose 50 = 5*l + 5*p, 52*l - 3*p + 6 = 53*l. What is the tens digit of -15*(-4)/l + 544 + -1?
4
Let r = 191 - 276. What is the units digit of 853/6 + r/(-102)?
3
Let c(k) = -k**3 + 16*k**2 - 2*k + 15. Let f(z) = -z**3 + 16*z**2 + 14. Let h(i) = 4*c(i) - 3*f(i). What is the units digit of h(12)?
8
Suppose -5*f + 0 = 20, 4*h = 5*f + 2380. Suppose 0 = g + 4*g - h. Let m = 205 - g. What is the units digit of m?
7
Let b(c) = 6386*c**2 + 30*c - 32. What is the thousands digit of b(1)?
6
Let d = 787 - 13. Suppose 3*s + 5*w = 888, 4*s - d = -4*w + 402. What is the units digit of s?
1
Let o = 166 - 66. Suppose 7*l - 2*l = -h + o, -h + 50 = -5*l. What is the tens digit of h?
7
Suppose 6*s + 23818 - 28049 = 101105. What is the ten thousands digit of s?
1
Let g(i) = -i**3 + 6*i**2 + 2*i - 29. Let t(l) = -l**3 + 6*l**2 + l - 30. Let q(u) = -5*g(u) + 4*t(u). What is the tens digit of q(10)?
6
Suppose 13*q + 16 = 15*q. Let r = 11 - q. Suppose -l - 64 = -r*l. What is the units digit of l?
2
Let b(t) = 5*t - 134. Let i be b(28). Suppose -i*n + 2*g - 622 = -7*n, -3*n + g = -1838. What is the units digit of n?
4
Suppose 0 = 3*d + 4*k - 33959, 9*k = -2*d + 4*k + 22651. What is the hundreds digit of d?
3
Suppose -38*l = -35*l - 3. Let h be l/(0 - 2 - (-646)/322). What is the hundreds digit of -1 + h + 15/(-5)?
1
Let u = -7557 - -11092. What is the tens digit of u?
3
Let p(t) = -7*t**2 + 27*t - 51. Let g(f) = f**2 - f + 2. Let z(h) = 6*g(h) + p(h). What is the units digit of z(10)?
1
Let s = -28 + 27. Let y be ((-76)/(-4) - 2) + s + -1. Suppose -20*w + y*w + 575 = 0. What is the units digit of w?
5
Let t(k) = -3*k + 29. Let h be t(11). Let o be 16/(-12)*(-6)/h. What is the units digit of o + 4 + (-840)/(-8 - -4)?
2
Let l be (5 - 7)/((-2)/23). Suppose -11 - l = -j. What is the tens digit of -1*2/(-1) - (-22 - j)?
5
Let l = -46 - -26. Let w = l + 21. Let z(h) = 87*h - 1. What is the units digit of z(w)?
6
Suppose x + 4*p - 4128 = 0, 0 = -2*x + 90*p - 93*p + 8261. What is the hundreds digit of x?
1
Suppose 2972 = -3*z + 1711 + 20764. What is the thousands digit of z?
6
Suppose 1397*g = 1184*g + 1547871. What is the thousands digit of g?
7
Suppose 0*z = 3*z - 2*d - 15, -3*z + 15 = 3*d. What is the hundreds digit of 3 + (531 - z) - 4?
5
Let m(l) = 4*l**3 - l**2 - 2*l + 1. Let b be m(1). What is the units digit of 15507/18 - 1/b?
1
Let o = 24 + -19. Let l = 13 + -9. Suppose o*f + l*g = 75, -g - 20 - 40 = -4*f. What is the units digit of f?
5
Let r(w) = -w**3 - 97*w**2 - 370*w - 377. What is the hundreds digit of r(-97)?
5
Suppose -g - 7 = -21. Let l(a) = 12*a - g*a - 5 - 21*a. What is the units digit of l(-4)?
7
Let l = -6648 + 9347. Let o = l + -1051. What is the units digit of o?
8
Suppose -42 = 4*z - 2*t, 3*t = 8 + 7. What is the units digit of -578*7/(1 + z)?
8
Suppose -60680 = -3*s - 16619. What is the thousands digit of s?
4
What is the thousands digit of 8/48*9/(-6) - 190160/(-64)?
2
Let l(u) = -19 - 53*u**3 + 23*u**2 + 15 + 32*u + 52*u**3 - 23. What is the units digit of l(24)?
5
Let d(z) be the third derivative of 0*z - 19/24*z**4 - 24*z**2 - 25/6*z**3 + 0. What is the units digit of d(-9)?
6
Suppose -2*h + 5*h = 660. Suppose -2359 - 1082 = -3*d. Suppose 9*g - d = -h. What is the tens digit of g?
0
Let d(k) be the third derivative of 1/6*k**4 + 6*k**